 Suppose 3*n + 60 = 75. Give q(n).
12
Let x(g) = g**2 + 31*g - 80. Let y be x(-33). Let m(f) = 74 - 176 + 2*f + 124. Give m(y).
-6
Let j be 7 + (-4 - -2) - (-25 + 32 + -13). Let o(u) = u + 15. Calculate o(j).
26
Let m(t) = 18*t - 609. Let o be m(34). Let d(i) = -i**2 + 6*i. Determine d(o).
9
Let j(t) be the second derivative of -29*t**3/6 + 3*t**2 + 914*t. Determine j(4).
-110
Let b(j) = -11*j**2 - 15*j + 53. Let y(l) = -9*l**2 - 15*l + 47. Let m(t) = 5*b(t) - 6*y(t). Calculate m(14).
-3
Let i be 9/27*-4 + 3*(-16)/18. Let v(q) = -q**2 + q - 22. Determine v(i).
-42
Let m(i) = -10 - 1370*i - 1368*i - 1369*i + 4106*i. What is m(-12)?
2
Let w(f) = -f**2 - 6*f - 4. Let z = 728 + -704. Let l be ((-5)/5)/(6/z). Determine w(l).
4
Let a(z) = 20*z**3 + 17*z**2 + 59*z + 22. Let h(i) = 9*i**3 + 8*i**2 + 27*i + 11. Let o(t) = 4*a(t) - 9*h(t). What is o(-3)?
1
Let k(r) be the third derivative of -19*r**4/24 + 2*r**3 - 3*r**2 - 237*r. Calculate k(-8).
164
Let z(f) = f**3 - 27*f**2 + 20*f + 140. Let c be 12/30*(-520)/(-64)*8. Determine z(c).
-16
Let c(t) = -2*t + 18. Let u be c(8). Let k(x) = 38*x**u + 22*x - 3*x - 14 - 39*x**2. Give k(18).
4
Let g = 387 - 380. Let v(k) be the first derivative of -3*k**2 + 1/3*k**3 - k + 6. Calculate v(g).
6
Let j(k) = 82*k + 572. Let a(x) = -171*x + 1703. Let u be a(10). Calculate j(u).
-2
Let n(b) = -b**3 - 3*b**2 + 11*b + 36. Let v be n(-3). Suppose -99*r - v = -102*r, -5*p - 5*r = -40. Let t(m) = m**3 - 7*m**2 + 3*m - 8. What is t(p)?
13
Let r(t) = 2673*t**2 - 2675*t**2 - 3 - 5 + 27*t. Determine r(13).
5
Let v(b) be the third derivative of b**6/120 + 7*b**5/60 - 29*b**4/24 - 5*b**3/3 + 122*b**2 + 5*b. What is v(-10)?
-20
Let b(o) = -23*o + 14. Let i be b(-4). Let s(d) = -3 - 7*d**2 + 59*d + 53*d - i*d + d**3. What is s(4)?
-27
Let v(g) be the first derivative of g**4/4 - 13*g**3/3 - 7*g**2 - 11*g - 24. Give v(14).
-11
Suppose -q - 36*u + 35*u + 12 = 0, -2*u + 8 = 0. Let i(n) = 3*n**2 - 26*n + 12. Give i(q).
-4
Let a(x) be the first derivative of -x**4/3 + x**3/6 + 2*x**2 - x - 16. Let j(p) be the second derivative of a(p). What is j(1)?
-7
Let n(r) be the first derivative of 29*r**2/2 + 5*r - 3909. Give n(1).
34
Let m(g) = 6*g**2 - 4*g - 4. Let h(a) = a**3 - 3*a**2 + a. Let f be h(1). Let o be m(f). Let z(t) = 2*t - 9*t + o*t + 4*t. Determine z(-3).
-9
Let f(n) = -24*n - 17. Let u(g) = -126*g - 88. Let w(y) = -16*f(y) + 3*u(y). Give w(-5).
-22
Suppose 2*k = k + d + 89, -360 = -4*k + 5*d. Let u = -84 + k. Let r(b) = 10*b**3 + 2*b**2 - 2*b + 1. Determine r(u).
11
Let c(w) = -37*w**3 - 3*w**2 + 105*w + 2. Let l(o) = -85*o**3 - 7*o**2 + 262*o + 5. Let d(v) = 5*c(v) - 2*l(v). Let s(g) = g. Let r be s(1). Give d(r).
-15
Suppose 0 = -12*m + 13*m - 14. Suppose 5*o = 34 - m. Let b = 7 - o. Let s(u) = u**2 + u - 4. Calculate s(b).
8
Let n(z) = z - 5. Let a be n(8). Let s(m) be the first derivative of -m**2 + 4*m - 424. What is s(a)?
-2
Let y(i) = 10*i**3 - 3*i**2 + 11*i + 11. Let b(q) = 3*q**3 + q - 1. Let v(l) = 4*b(l) - y(l). Give v(-2).
-5
Let c(g) be the second derivative of -1/3*g**3 + 2*g - 23 + 5/2*g**2. What is c(-7)?
19
Suppose -6 - 30 = -2*o. Suppose 5*y - 2 - o = 0. Let f(m) be the third derivative of -m**5/60 + m**4/6 + m**3/6 + 282*m**2 + 1. Calculate f(y).
1
Let r be 584/(-96) + 6 - (-7 + (-210)/(-72)). Let y(d) = -4*d + 5. Determine y(r).
-11
Let c(k) = k**3 + 7*k**2 - 8*k + 2. Suppose -54*r + 32 = -50*r. Let x be 33/(-4) - (-2)/r. Give c(x).
2
Let n(j) = -9*j - 117. Let z(w) = -w**3 - 33*w**2 - 115*w + 14. Let u be z(-29). What is n(u)?
18
Let h(r) = -r**3 - 7*r**2 - 5*r - 2. Let q be h(-6). Let t(v) be the second derivative of 1/12*v**4 + v**2 + 3/2*v**3 + 0 + 139*v. Calculate t(q).
-6
Let j(y) = 6*y - 29. Suppose 0 = 59*g - 54*g - 58 - 2. Give j(g).
43
Let g(b) be the second derivative of b**3/6 + 5*b**2 + b + 3378. Let u(q) = -q**3 + q**2 - q - 2. Let m be u(2). Give g(m).
2
Let r(f) be the third derivative of -f**4/6 + f**3/3 - f**2 - 6*f. Let h(q) = -q + 2. Let l be h(9). Determine r(l).
30
Let i(v) = -3*v - 38. Suppose -691*j + 718*j + 243 = 0. Calculate i(j).
-11
Let s(r) = -26*r**3 - 112*r**2 - 5*r - 57. Let l(a) = -19*a**3 - 82*a**2 - 4*a - 43. Let b(q) = -11*l(q) + 8*s(q). Give b(-7).
-60
Let c(s) be the third derivative of s**6/120 + 7*s**5/60 + s**4/12 + 9*s**3/2 - 8*s**2 + 2*s - 10. Give c(-8).
-53
Let c(d) = -10*d**3 - 17*d**2 + 2*d - 117. Let w(h) = -3*h**3 - 5*h**2 + h - 33. Let z(u) = -2*c(u) + 7*w(u). Give z(-2).
1
Let d(s) = -s**2 - 25*s - 144. Let k be d(-9). Suppose 5*m = -k*m - 5*u - 10, -m + 5*u = 14. Let p(z) = -5*z + 0*z - 1 - z. Determine p(m).
23
Let u(r) = r**3 + 13*r**2 + 9*r - 42. Suppose -d = -5*c + 32, 14 = -4*d + c - 38. Determine u(d).
-6
Let c = -312 - -307. Let q(o) be the second derivative of -o**4/12 - o**3/2 + o**2 + 5*o - 8. Calculate q(c).
-8
Let b(s) = -3*s**3 + 11*s**2 + 16*s - 6. Let r(n) = -353 - 2*n**3 + 349 + 3*n + 7*n + 7*n**2. Let f(i) = 5*b(i) - 8*r(i). Give f(3).
20
Let v(p) = -p**2 + 9*p + 2. Let x = -305 - 109. Let w be x/(-45) + 3/(-15). Determine v(w).
2
Let t(l) = -2*l + 1. Suppose -3*a - 20 = -7*a, -u - 5*a + 59 = 0. Let r(c) = -u*c + 2 - 4 + c**2 + 38*c. Let m(q) = 2*r(q) + 5*t(q). Determine m(2).
5
Let z(r) be the third derivative of -r**6/360 + r**5/120 - r**4/24 - 131*r**3/3 + 2*r**2 + 6*r. Let k(d) be the first derivative of z(d). Determine k(5).
-21
Let w(f) be the second derivative of 5*f**3/6 - 54*f. Suppose -3*c - 2*c + 3 = -3*u, -5*u = c + 33. Let y be 4/6*u/(-4). What is w(y)?
5
Let h(o) = -75*o + 3376. Let r be h(45). Let n be 5*2/5*1. Let k(g) = g - g + 11*g**2 + n*g + 0*g - 1. What is k(r)?
12
Let z be 2/(-5)*-5*4. Suppose -l - 119 = -z*l. Let u(h) = 11*h - 44. Let g(t) = -4*t + 15. Let q(m) = l*g(m) + 6*u(m). Determine q(-7).
5
Let i(f) = 36*f. Let g(a) = 217*a + 3. Let y(j) = -g(j) + 6*i(j). Let k = -21 - -23. Determine y(k).
-5
Let t(p) = 582*p - 195*p + 1 + 1 + 2*p**2 - 194*p - 196*p. Let x(n) = n**3 - 3*n + 2. Let a be x(2). Determine t(a).
22
Let c(n) = -9049 + 9077 + 2*n - 7*n + 4*n. Give c(10).
18
Let j be -5 + (1/(-2))/(2/(-4)). Let t(d) be the first derivative of -1/2*d**2 - 57 - 3*d. What is t(j)?
1
Let c(w) = 2*w - 9. Let i(s) = 2*s - 6. Let g = -381 + 386. Let x(q) = g*c(q) - 6*i(q). What is x(-5)?
1
Let k(t) be the second derivative of t**6/48 + 79*t**4/12 + 4*t - 2. Let c(v) be the third derivative of k(v). Determine c(1).
15
Let i(l) = -2*l**2 - 29*l - 5. Let r(m) = 2*m**2 + 24*m + 4. Let g(q) = 5*i(q) + 6*r(q). Determine g(2).
5
Let f(u) = u**2 + u + 3. Let w(j) = 6*j**2 + j + 9. Let s(k) = 4*f(k) - w(k). Let g be 6/(-2) - (-3)/1. Suppose -c - 1 - 1 = g. Calculate s(c).
-11
Let y = -66 + 77. Let f(q) = 5*q**2 + 6*q + 53. Let t(m) = 2*m**2 + 4*m + 25. Let w(a) = 3*f(a) - 7*t(a). Give w(y).
-5
Let g(t) = -3*t**2 + 332*t + 3752. Let v be g(121). Let o(b) = 2*b**3 - b**2 + 2*b. What is o(v)?
3
Let f(h) = 1182*h - 38*h**2 + 10*h**2 - 1181*h - 1. Calculate f(1).
-28
Let l(w) be the first derivative of -w**3/3 - 6*w**2 - 19*w + 4473. Calculate l(-7).
16
Let f(j) = 2*j + 14. Let l be f(-11). Let d(b) = 27*b**3 - 72*b**2 + 80*b - 41. Let a(i) = 5*i**3 - 14*i**2 + 15*i - 8. Let q(s) = -16*a(s) + 3*d(s). Give q(l).
5
Let f(i) = i**3 + 5*i**2 - 7*i - 5. Suppose 4*z + 101 = 3*b, 4*b - 4*z - 84 - 56 = 0. Suppose 0 = -3*m + b - 9. Suppose 6*g - 24 = m*g. Give f(g).
1
Let o(k) be the second derivative of -k**4/12 - 7*k**3/6 + 3*k**2 + 148*k - 8. What is o(-7)?
6
Let k(j) = -95*j + 573. Let y be k(6). Let p(m) be the second derivative of 0 - 5/2*m**2 + 1/6*m**y + 8*m. Determine p(4).
-1
Let c be 27 + 4 + -9 + 4. Let m = 28 - c. Let x(l) = -16*l - 1 - 5*l + m + 25*l. Determine x(-3).
-11
Let t(o) = o**3 - 7*o**2 + 9*o + 3. Suppose -21 = -4*r + z, 7*r + 13*z = 17*z + 30. Give t(r).
21
Let p(t) = -43*t + 266. Let b be p(6). Let m(q) = -10*q + 83. Determine m(b).
3
Let s(x) = 2*x - 52. Suppose -58*a = -87 - 87. Suppose -a*f + m + 73 = 5, -2*m + 11 = f. Determine s(f).
-10
Suppose 154 = -20*q - 86. Let p(w) be the second derivative of w**4/12 + 11*w**3/6 - 11*w**2/2 + 3*w + 1. Determine p(q).
1
Let g(f) = 3*f**2 + 4*f. Let l(u) = u - 1. Let y be 2 + (-136)/85*10/(-4). Let j = -5 + y. Let q(p) = j*g(p) - l(p). Determine q(-2).
7
Let z = 104 + -99.